{"id":71,"date":"2026-01-05T22:13:25","date_gmt":"2026-01-05T22:13:25","guid":{"rendered":"https:\/\/elancourtcitoyen.fr\/?page_id=71"},"modified":"2026-01-05T22:13:25","modified_gmt":"2026-01-05T22:13:25","slug":"contactez-nous","status":"publish","type":"page","link":"https:\/\/elancourtcitoyen.fr\/index.php\/contactez-nous\/","title":{"rendered":"Contactez nous"},"content":{"rendered":"<style id=\"wpforms-css-vars-67-block-273b472d-bc61-4300-9eef-7842f5c80776\">\n\t\t\t\t#wpforms-67.wpforms-block-273b472d-bc61-4300-9eef-7842f5c80776 {\n\t\t\t\t--wpforms-field-size-input-height: 43px;\n--wpforms-field-size-input-spacing: 15px;\n--wpforms-field-size-font-size: 16px;\n--wpforms-field-size-line-height: 19px;\n--wpforms-field-size-padding-h: 14px;\n--wpforms-field-size-checkbox-size: 16px;\n--wpforms-field-size-sublabel-spacing: 5px;\n--wpforms-field-size-icon-size: 1;\n--wpforms-label-size-font-size: 16px;\n--wpforms-label-size-line-height: 19px;\n--wpforms-label-size-sublabel-font-size: 14px;\n--wpforms-label-size-sublabel-line-height: 17px;\n--wpforms-button-size-font-size: 17px;\n--wpforms-button-size-height: 41px;\n--wpforms-button-size-padding-h: 15px;\n--wpforms-button-size-margin-top: 10px;\n\t\t\t}\n\t\t\t<\/style><div class=\"wpforms-container wpforms-container-full wpforms-block wpforms-block-273b472d-bc61-4300-9eef-7842f5c80776 wpforms-render-modern\" id=\"wpforms-67\"><form id=\"wpforms-form-67\" class=\"wpforms-validate wpforms-form wpforms-ajax-form\" data-formid=\"67\" method=\"post\" enctype=\"multipart\/form-data\" action=\"\/index.php\/wp-json\/wp\/v2\/pages\/71\" data-token=\"3959f16bbaaf3dc7813ebba6f2701c16\" data-token-time=\"1775577415\"><div class=\"wpforms-head-container\"><div class=\"wpforms-description\">Nos r\u00e9unions publiques sont par d\u00e9finition libre d&rsquo;acc\u00e8s.\r\nLaissez-nous vos coordon\u00e9es pour \u00eatre inform\u00e9 des prochaines rencontres et manifestations.\r\nLaissez-nous cos coordon\u00e9es pour recevoir nos publications par mail.<\/div><\/div><noscript class=\"wpforms-error-noscript\">Veuillez activer JavaScript dans votre navigateur pour remplir ce formulaire.<\/noscript><div id=\"wpforms-error-noscript\" style=\"display: none;\">Veuillez activer JavaScript dans votre navigateur pour remplir ce formulaire.<\/div><div class=\"wpforms-field-container\"><div id=\"wpforms-67-field_2-container\" class=\"wpforms-field wpforms-field-email\" data-field-id=\"2\"><label class=\"wpforms-field-label\" for=\"wpforms-67-field_2\">Email <span class=\"wpforms-required-label\" aria-hidden=\"true\">*<\/span><\/label><input type=\"email\" id=\"wpforms-67-field_2\" class=\"wpforms-field-medium wpforms-field-required\" name=\"wpforms[fields][2]\" spellcheck=\"false\" aria-errormessage=\"wpforms-67-field_2-error\" required><\/div><div id=\"wpforms-67-field_4-container\" class=\"wpforms-field wpforms-field-number\" data-field-id=\"4\"><label class=\"wpforms-field-label\" for=\"wpforms-67-field_4\">T\u00e9l\u00e9phone<\/label><input type=\"number\" id=\"wpforms-67-field_4\" class=\"wpforms-field-medium\" name=\"wpforms[fields][4]\" step=\"any\" aria-errormessage=\"wpforms-67-field_4-error\" aria-describedby=\"wpforms-67-field_4-description\" ><div id=\"wpforms-67-field_4-description\" class=\"wpforms-field-description\">Vous pouvez ne pas r\u00e9pondre<\/div><\/div><div id=\"wpforms-67-field_1-container\" class=\"wpforms-field wpforms-field-name\" data-field-id=\"1\"><fieldset><legend class=\"wpforms-field-label\">Pr\u00e9nom et nom<\/legend><div class=\"wpforms-field-row wpforms-field-medium\"><div class=\"wpforms-field-row-block wpforms-first wpforms-one-half\"><input type=\"text\" id=\"wpforms-67-field_1\" class=\"wpforms-field-name-first\" name=\"wpforms[fields][1][first]\" aria-errormessage=\"wpforms-67-field_1-error\" ><label for=\"wpforms-67-field_1\" class=\"wpforms-field-sublabel after\">Pr\u00e9nom<\/label><\/div><div class=\"wpforms-field-row-block wpforms-one-half\"><input type=\"text\" id=\"wpforms-67-field_1-last\" class=\"wpforms-field-name-last\" name=\"wpforms[fields][1][last]\" aria-errormessage=\"wpforms-67-field_1-last-error\" ><label for=\"wpforms-67-field_1-last\" class=\"wpforms-field-sublabel after\">Nom<\/label><\/div><\/div><\/fieldset><\/div><div id=\"wpforms-67-field_3-container\" class=\"wpforms-field wpforms-field-text\" data-field-id=\"3\"><label class=\"wpforms-field-label\" for=\"wpforms-67-field_3\">Dans quel quartier vivez-vous ?<\/label><input type=\"text\" id=\"wpforms-67-field_3\" class=\"wpforms-field-medium\" name=\"wpforms[fields][3]\" aria-errormessage=\"wpforms-67-field_3-error\" aria-describedby=\"wpforms-67-field_3-description\" ><div id=\"wpforms-67-field_3-description\" class=\"wpforms-field-description\">Vous pouvez ne pas r\u00e9pondre<\/div><\/div>\t\t<div id=\"wpforms-67-field_6-container\"\n\t\t\tclass=\"wpforms-field wpforms-field-text\"\n\t\t\tdata-field-type=\"text\"\n\t\t\tdata-field-id=\"6\"\n\t\t\t>\n\t\t\t<label class=\"wpforms-field-label\" for=\"wpforms-67-field_6\" >? T\u00e9l\u00e9phone quel<\/label>\n\t\t\t<input type=\"text\" id=\"wpforms-67-field_6\" class=\"wpforms-field-medium\" name=\"wpforms[fields][6]\" >\n\t\t<\/div>\n\t\t<div id=\"wpforms-67-field_5-container\" class=\"wpforms-field wpforms-field-checkbox\" data-field-id=\"5\"><fieldset><legend class=\"wpforms-field-label\">Souhaitez-vous ?<\/legend><ul id=\"wpforms-67-field_5\"><li class=\"choice-5 depth-1\"><input type=\"checkbox\" id=\"wpforms-67-field_5_5\" name=\"wpforms[fields][5][]\" value=\"Venir \u00e0 nos r\u00e9unions publiques\" aria-errormessage=\"wpforms-67-field_5_5-error\"  ><label class=\"wpforms-field-label-inline\" for=\"wpforms-67-field_5_5\">Venir \u00e0 nos r\u00e9unions publiques<\/label><\/li><li class=\"choice-1 depth-1\"><input type=\"checkbox\" id=\"wpforms-67-field_5_1\" name=\"wpforms[fields][5][]\" value=\"\u00catre recontacter par t\u00e9l\u00e9phone\" aria-errormessage=\"wpforms-67-field_5_1-error\"  ><label class=\"wpforms-field-label-inline\" for=\"wpforms-67-field_5_1\">\u00catre recontacter par t\u00e9l\u00e9phone<\/label><\/li><li class=\"choice-2 depth-1\"><input type=\"checkbox\" id=\"wpforms-67-field_5_2\" name=\"wpforms[fields][5][]\" value=\"Recevoir nos communications mail\" aria-errormessage=\"wpforms-67-field_5_2-error\"  ><label class=\"wpforms-field-label-inline\" for=\"wpforms-67-field_5_2\">Recevoir nos communications mail<\/label><\/li><li class=\"choice-3 depth-1\"><input type=\"checkbox\" id=\"wpforms-67-field_5_3\" name=\"wpforms[fields][5][]\" value=\"Participer activement \u00e0 la campagne\" aria-errormessage=\"wpforms-67-field_5_3-error\"  ><label class=\"wpforms-field-label-inline\" for=\"wpforms-67-field_5_3\">Participer activement \u00e0 la campagne<\/label><\/li><\/ul><\/fieldset><\/div><script>\n\t\t\t\t( function() {\n\t\t\t\t\tconst style = document.createElement( 'style' );\n\t\t\t\t\tstyle.appendChild( document.createTextNode( '#wpforms-67-field_6-container { position: absolute !important; overflow: hidden !important; display: inline !important; height: 1px !important; width: 1px !important; z-index: -1000 !important; padding: 0 !important; } #wpforms-67-field_6-container input { visibility: hidden; } #wpforms-conversational-form-page #wpforms-67-field_6-container label { counter-increment: none; }' ) );\n\t\t\t\t\tdocument.head.appendChild( style );\n\t\t\t\t\tdocument.currentScript?.remove();\n\t\t\t\t} )();\n\t\t\t<\/script><\/div><!-- .wpforms-field-container --><div class=\"wpforms-submit-container\" ><input type=\"hidden\" name=\"wpforms[id]\" value=\"67\"><input type=\"hidden\" name=\"page_title\" value=\"\"><input type=\"hidden\" name=\"page_url\" value=\"https:\/\/elancourtcitoyen.fr\/index.php\/wp-json\/wp\/v2\/pages\/71\"><input type=\"hidden\" name=\"url_referer\" value=\"\"><button type=\"submit\" name=\"wpforms[submit]\" id=\"wpforms-submit-67\" class=\"wpforms-submit\" data-alt-text=\"en cours...\" data-submit-text=\"Envoyer\" aria-live=\"assertive\" value=\"wpforms-submit\">Envoyer<\/button><img loading=\"lazy\" decoding=\"async\" src=\"https:\/\/elancourtcitoyen.fr\/wp-content\/plugins\/wpforms-lite\/assets\/images\/submit-spin.svg\" class=\"wpforms-submit-spinner\" style=\"display: none;\" width=\"26\" height=\"26\" alt=\"Chargement en cours\"><\/div><\/form><\/div>  <!-- .wpforms-container -->","protected":false},"excerpt":{"rendered":"","protected":false},"author":1,"featured_media":0,"parent":0,"menu_order":0,"comment_status":"closed","ping_status":"closed","template":"","meta":{"footnotes":""},"class_list":["post-71","page","type-page","status-publish","hentry"],"_links":{"self":[{"href":"https:\/\/elancourtcitoyen.fr\/index.php\/wp-json\/wp\/v2\/pages\/71","targetHints":{"allow":["GET"]}}],"collection":[{"href":"https:\/\/elancourtcitoyen.fr\/index.php\/wp-json\/wp\/v2\/pages"}],"about":[{"href":"https:\/\/elancourtcitoyen.fr\/index.php\/wp-json\/wp\/v2\/types\/page"}],"author":[{"embeddable":true,"href":"https:\/\/elancourtcitoyen.fr\/index.php\/wp-json\/wp\/v2\/users\/1"}],"replies":[{"embeddable":true,"href":"https:\/\/elancourtcitoyen.fr\/index.php\/wp-json\/wp\/v2\/comments?post=71"}],"version-history":[{"count":1,"href":"https:\/\/elancourtcitoyen.fr\/index.php\/wp-json\/wp\/v2\/pages\/71\/revisions"}],"predecessor-version":[{"id":72,"href":"https:\/\/elancourtcitoyen.fr\/index.php\/wp-json\/wp\/v2\/pages\/71\/revisions\/72"}],"wp:attachment":[{"href":"https:\/\/elancourtcitoyen.fr\/index.php\/wp-json\/wp\/v2\/media?parent=71"}],"curies":[{"name":"wp","href":"https:\/\/api.w.org\/{rel}","templated":true}]}}